ime factors of n.
5, 11
Let o = 19 - 159. What are the prime factors of (2 - 30)/2*o/8?
5, 7
Suppose 3*b - 4*b = -6. Suppose 72 = 13*w - 58. Suppose b*o - w*o + 112 = 0. List the prime factors of o.
2, 7
Let v = 32 + -44. List the prime factors of (-862)/v + 4/24.
2, 3
Let x = 679 + 372. List the prime factors of x.
1051
Let l(w) = -w**3 + 26*w**2 + 28*w - 111. What are the prime factors of l(20)?
7, 11, 37
Let p(y) = 5*y - 9. Suppose -9 = -0*k - k + 2*o, -3*k + 3*o = -21. What are the prime factors of p(k)?
2
Suppose 9*l - 55 = -2*l. Suppose 0 = 4*o + l*o - 333. List the prime factors of o.
37
What are the prime factors of (-80)/(-2)*27/108?
2, 5
Let h(f) = -f**2 - 16*f + 1. Let v be h(-7). Suppose -v = q - 5*q. Suppose -16 = -2*u + q. What are the prime factors of u?
2
What are the prime factors of (-680)/(-24) - 3 - 4/(-6)?
2, 13
Let u(r) = -r + 1. Let f be u(-1). Suppose k = -1 + f, -3*k - 312 = -3*z. List the prime factors of z.
3, 5, 7
Let p(a) = -a + 12. Let h be p(16). What are the prime factors of 12/(h + 0) - -16?
13
Let i = -50 - 34. Let v be 3*7/(i/(-8)). Suppose v*m = 6*m - 36. List the prime factors of m.
3
Let d(a) = -3*a**3 + 18*a**2 + 32*a + 14. List the prime factors of d(-7).
3, 7
Let n(h) = -3 + 0*h - 9*h + 2 - 2. Let y be n(-9). Suppose 0 = -3*b + 6 + y. List the prime factors of b.
2, 7
Let x = -24 + -30. Let p = x - -29. Let s = -10 - p. What are the prime factors of s?
3, 5
Let g(f) = -220*f + 43. List the prime factors of g(-6).
29, 47
Let p be ((-4)/3 + 0)*(-9)/(-6). List the prime factors of ((-20)/30)/((p/3)/2).
2
Let u(q) = q**3 + 2. Let l be u(-2). What are the prime factors of ((-2)/l - (-5 - -5))*51?
17
Suppose -6737 = -7*f - 920. What are the prime factors of f?
3, 277
Let d(s) = -264*s - 4. List the prime factors of d(-6).
2, 5, 79
Let g be 1382/14 - (-2)/7. Suppose -3*t + 30 = -g. What are the prime factors of t?
43
List the prime factors of (-18 - -558)*(12/(-10))/(-1).
2, 3
Suppose 0 = i - 2, -5*w + 8995 = 77*i - 72*i. List the prime factors of w.
3, 599
List the prime factors of 455 + 1 - (82 + -85).
3, 17
Let z = -11 - -5. Let v(p) = -p**3 - 7*p**2 - 5*p + 4. Let f be v(z). What are the prime factors of 1/f*-2*13?
13
Suppose -158 = -r - 117. List the prime factors of r.
41
Suppose -1553 - 504 = -11*r. Suppose 2*k - 5*k - r = -j, 5*k = -3*j + 491. What are the prime factors of j?
2, 43
Let w(r) = 3*r + 74. What are the prime factors of w(35)?
179
Suppose 0 = 4*a - 9*a + 90. Let m = a + -10. List the prime factors of m.
2
Let g = 36 + -10. Let p = 29 - g. Suppose 4*v = 4, -4*x = p*v + 36 - 95. List the prime factors of x.
2, 7
Let a = 3249 - 1114. What are the prime factors of a?
5, 7, 61
Suppose 3*o = -0*o + 12. Suppose -5 = u - o. What are the prime factors of (-15 - 3)/(-2) - u?
2, 5
Let q = 48 - 52. List the prime factors of q/(1*-12) - 1500/(-9).
167
Let w(q) = q**2 + 4*q - 1. Let v be w(-5). Suppose -j - v = -7. List the prime factors of (1 - -1 - j)*-13.
13
Suppose 0 = -5*d + 476 + 274. List the prime factors of d.
2, 3, 5
Suppose -17*z - 4 = -16*z. Let y(u) = -3*u**3 - 6*u**2 - 7*u - 7. What are the prime factors of y(z)?
3, 13
Let f(m) be the third derivative of m**5/30 + 7*m**4/24 + 7*m**3/6 - 13*m**2. List the prime factors of f(-8).
79
Suppose 9*z - 5*z = 2*g - 188, 2*g - 3*z = 186. List the prime factors of g.
2, 3, 5
Suppose -s - 27 = -4*s. Let h(c) = c**3 - 9*c**2 + c - 7. List the prime factors of h(s).
2
Let h be 4*4/16 - -3. Let b be h/(-6) - (-132)/36. Suppose -2*g + 62 = -b*t, 4*t = g + 5*t - 21. What are the prime factors of g?
5
Suppose -4*p + 77 = -3*c - 1072, -c = 3*p - 878. What are the prime factors of p?
3, 97
Let t be 3*(1 - 2 - -2). Suppose -2*u = -4*o - 30, t*u - 3*o - 47 - 1 = 0. List the prime factors of u.
17
Suppose -12*t - 2*d = -9*t - 634, 4*t = -4*d + 852. List the prime factors of t.
2, 13
Let u(c) = -98*c**3 - 3*c**2 + 3*c + 5. What are the prime factors of u(-2)?
3, 257
Let b(c) = 10*c**2 + 2*c - 3. Let s be 2 + -3 - (1 + -6). Let w be b(s). List the prime factors of ((-4)/3)/((-22)/w).
2, 5
Suppose 16*m = 14*m. Suppose -2*x - i + 3*i + 34 = 0, 4*x - 5*i - 71 = m. Let n = x - -8. What are the prime factors of n?
2, 11
Suppose 11*z - 15*z = -1040. Let t = z - 88. List the prime factors of t.
2, 43
Let a(h) = -h**2 - 6*h + 3. Let x be a(-6). Suppose 3*r + x*w + 95 = -2*w, -43 = r - 4*w. Let b = -18 - r. What are the prime factors of b?
17
Let l(c) = 47*c + 483. What are the prime factors of l(30)?
3, 631
Suppose 4*t - 4*u = 18761 - 3217, 5*u = -4*t + 15571. List the prime factors of t.
3889
Let l = -53 + 56. Suppose 5 - 56 = -l*b. What are the prime factors of b?
17
Let g = 1 - -1. Suppose -g*x + 27 = -27. Let m = x + -11. List the prime factors of m.
2
Let v be (-4)/(-8)*-8*-1. Suppose -4*z + 456 = 5*m, v*m + 4*z = 3*z + 367. List the prime factors of m.
2, 23
Let t = 29 - 31. What are the prime factors of -4*(-9 + t - -3)?
2
Let c(m) = -5*m**2 + 7*m + 1. Let i(a) = 10*a**2 - 15*a - 2. Let g(s) = -9*c(s) - 4*i(s). Let o(y) = y. Let r be o(3). What are the prime factors of g(r)?
5, 7
Let y(n) = 8*n + 6*n + n**2 + 11 + 0 - 5*n. Let s be y(-9). Suppose 5*l - 4*g = s, -5*l - 5*g + 19 = -g. What are the prime factors of l?
3
Suppose 24*v - 60 = 29*v. Suppose 3*m - 67 = -a, -4*m = 5*a - 77 - 16. Let y = v + m. List the prime factors of y.
2, 5
Let i be (-26)/4*(-1 - 3). Let a = 127 - i. What are the prime factors of a?
101
Let q be 37 - (-1 + (0 - 0)). Let k = -1447 + 1442. Let b = q + k. List the prime factors of b.
3, 11
Let q(f) = 116*f - 21. What are the prime factors of q(5)?
13, 43
Suppose -g = -0*g - 13. Let z = 17 + g. Suppose y - z = -2*c + c, -3*c = -3*y + 90. What are the prime factors of y?
2, 3, 5
Suppose 29*f = 24*f. Suppose f = -2*d + 3*k + 126, -63 = 2*d - 3*d + k. What are the prime factors of d?
3, 7
Suppose 4*m + 3*h - 5529 = -0*m, 2*m - h - 2757 = 0. What are the prime factors of m?
2, 3, 5, 23
Let d be -10 - -12 - 5*1. List the prime factors of -1 + d/((-12)/512).
127
Let o = -56 - -2219. List the prime factors of o.
3, 7, 103
Let w(h) = h**2 + 7*h + 14. Let n(x) = x**2 + 7*x + 15. Let g(i) = -5*n(i) + 6*w(i). Suppose -10*a = -9*a + 7. List the prime factors of g(a).
3
List the prime factors of 17/(-2)*182/(-21)*9.
3, 13, 17
Let d(c) = 4*c + 13. Let j(s) = s. Let f(v) = d(v) - 5*j(v). Suppose -30 = -5*x + 2*x. List the prime factors of f(x).
3
Suppose -o = -5, -3*v + 3*o = -o + 11. Suppose 5*i - v*p = 2*i + 426, 5*p = i - 122. List the prime factors of i.
3, 7
Let k(f) = f**3 - 17*f**2 + f - 17. Let u be k(17). Suppose u = 2*j + 4*j - 84. What are the prime factors of j?
2, 7
Let o(s) = -12*s - 12. Let a be o(-4). What are the prime factors of 3483/a + 3/12?
97
Suppose 77*x - 86*x + 14607 = 0. List the prime factors of x.
3, 541
Let i(l) = 4*l**2 - 1. Let n be i(-1). Suppose -5*x + 3*j = 0, 0 = j - 2*j. Suppose -5*w = -x*k + 2*k - 43, n*k - 45 = -w. List the prime factors of k.
2, 7
Let b(u) = -7*u + 2. Let y(f) = -6*f + 2. Let x(g) = 4*b(g) - 5*y(g). Let k be x(2). Suppose -k*t = 4*t - 264. What are the prime factors of t?
2, 11
Let m be (4/(-10))/(1/(-165)). Suppose 4*j - 2*p - 135 - 285 = 0, -3*j = -3*p - 312. Suppose -4*u = -j - m. List the prime factors of u.
43
Let y(i) be the first derivative of 1 - 2/3*i**3 - 1/4*i**4 + 5/2*i**2 - 6*i. What are the prime factors of y(-5)?
2, 11
Let o = 805 - -5. Suppose y - 2*f - 1014 = -4*y, 4*y - f - o = 0. List the prime factors of y.
2, 101
Let i(x) = 59*x**2 - 2*x - 2. Let r(v) = v**2 + v - 7. Let n be r(-3). What are the prime factors of i(n)?
59
Let j(g) = -96*g + 69. What are the prime factors of j(-14)?
3, 157
Let g be (0 - -218)*2/4. Let p = -59 + g. What are the prime factors of 3/(6/p) + -2?
23
Let f be (-2)/4 + 2/(-2 + 6). Suppose t + 8 - 239 = f. List the prime factors of t.
3, 7, 11
Suppose 1694 = 16*w - 674. List the prime factors of w.
2, 37
Suppose -w = 4*w - 45. Let l(r) = r + 5. List the prime factors of l(w).
2, 7
Let n = -449 + 1090. What are the prime factors of n?
641
Let i = 5 - 5. Let h be i/1 + 83 + 12. Suppose -5*d - h = -10*d. What are the prime factors of d?
19
Let t(q) = q**3 + 30*q**2 + 26*q + 16. List the prime factors of t(-28).
2, 107
Let h(i) = i - 2. Let o be h(7). Suppos